+ 561 = 5*f. Is p a composite number?
False
Suppose -4*p - 3*p = -126. Is (-1934 + 0)*(-99)/p a composite number?
True
Suppose 384617 = 31*r - 0*r. Suppose -n = -2684 - r. Is n composite?
False
Suppose 92003248 = 68*t + 32*t + 22577448. Is t composite?
True
Let k(a) = 5 - 11*a - 4*a - 448*a**2 + 449*a**2 + 6. Let b be k(14). Is 4/(40/3585) + b/6 composite?
True
Suppose -186*k + 301656 = -162*k. Is k prime?
True
Let j(r) = 887*r**2 + 157*r + 331. Is j(-8) prime?
True
Let y be (1 - 15)*((-120)/56 + -3). Is ((-54)/y)/(6/(-25832)) a composite number?
False
Suppose -8*f + 2533 = 31141. Let m = -997 - f. Is m composite?
False
Suppose 25 = -5*f - 5*j, -3*f = -0*f - 2*j. Let g be 57/(-14) + ((-172)/(-56) - 3). Is (f - 1/g*-222)*-2 composite?
True
Suppose 17 + 3 = n. Suppose -3*c + 5*g - 7 = c, -4*c + n = 4*g. Is 89/4*-2*c/(-1) prime?
True
Suppose 21*z + 54*z = 3594613 - 498538. Is z a prime number?
True
Let k(n) = 967*n**3 - n**2 - n + 2. Suppose -5*q - 484 + 49 = 0. Let u = q - -88. Is k(u) a composite number?
False
Is 531/540*10*26778 prime?
False
Is (709772/7 - -7) + 4 a composite number?
True
Let a = 147538 + -40367. Is a a prime number?
True
Let d(z) = -422*z + 21. Let n be (2 - 0)/(16/40). Suppose 0 = 2*q - n*q - 12. Is d(q) a composite number?
False
Is (56/196)/(4/364294) a prime number?
True
Let f(x) = 34*x**2 + 157*x + 2332. Is f(-15) composite?
True
Let k = -532 - -536. Suppose 53782 - 3194 = k*g. Is g composite?
False
Suppose -u + 0*u + 62 = 0. Let y be 57*(3 + 9/(-3) - -5). Let p = u + y. Is p a prime number?
True
Suppose -7*i + 12607 + 19586 = 0. Let f = -2162 + i. Is f composite?
False
Let n = 161 - 52. Suppose 922 = 3*c + n. Let h = 486 + c. Is h composite?
False
Let q(g) = -507*g**3 + 15*g**2 + 61*g + 128. Is q(-9) a prime number?
False
Suppose 48*b = 19*b + 87. Suppose 8929 + 50262 = 3*p - 4*y, -b*p + 2*y = -59195. Is p a composite number?
True
Let i = 40 - 35. Suppose 0 = 5*x + 3*o - 1064, i*x + 4*o - 409 - 658 = 0. Suppose -x = -2*a + 303. Is a prime?
True
Suppose -4*x + 5*w + 722199 + 165437 = 0, -5*w - 1109545 = -5*x. Is x composite?
False
Suppose -56*p - 1651564 = -14198420. Is p a composite number?
True
Is 3303256/24 + (-40)/15 a composite number?
False
Let v = -432 - -291. Let m = 559 + -325. Let r = v + m. Is r prime?
False
Suppose -2568*l + 14923466 = -2564*l - a, 0 = 5*l - 4*a - 18654327. Is l a prime number?
False
Is 26*1153/12 - -9*(-16)/864 a composite number?
True
Suppose -4*v + 21 = -k - 1, 0 = 3*v - 3*k - 21. Suppose 0 = 5*q - m - 55, -v*m + 21 = -4. Suppose 5*o + 2*b = 697, -b + 4*b + q = 0. Is o composite?
True
Let d be 16511 + (6 - -1) - 8. Suppose 0 = -7*t + d + 9348. Is t a prime number?
False
Let n = -1980 + 3826. Let q = n + -509. Is q a prime number?
False
Let x = 3 - 1. Let c = 2695 + -2692. Suppose 1099 = x*v - 3*g, -c*v = -g + 870 - 2536. Is v a prime number?
True
Let m(i) be the third derivative of i**5/6 - 7*i**4/24 + 10*i**3/3 - i**2 + 5*i. Suppose 3*d - 11 = 4. Is m(d) prime?
False
Let d(h) = 98*h**3 - 7*h**2 - 25*h + 6. Let p be d(6). Suppose 0 = -25*y + 41903 + p. Is y composite?
True
Let p = 121 - 108. Suppose -p*v + 20*v - 45829 = 0. Is v a composite number?
False
Suppose -4*v - 28 = -4*p, -v = 2*p - 3 + 1. Suppose -991 = -b + 2*n, p*b + 4*n = 3*n + 2973. Is b a prime number?
True
Suppose 0 = -b - 16*c + 19*c - 9, -3*b - 5*c = -15. Suppose 4*n + n - 565 = b. Is n prime?
True
Let s(c) = -3*c**3 + 6*c**2 - 8*c + 65. Let a be s(8). Is (-29 + 22)/(1/a - 0) composite?
True
Suppose 0 = 20*d - 7*d - 34268. Let w = d - 1423. Is w prime?
True
Suppose -4*k = -602706 - 405225 + 320263. Is k prime?
True
Suppose -24*w + 360 = -12*w. Suppose 3*t + 18 - w = 0. Is -5 + (217 + 3 - t) composite?
False
Let r(j) = -2*j**3 - 13*j**2 - 20. Let i be r(-19). Suppose -t = -4*z + i + 804, 3*t + 2444 = z. Is z prime?
False
Let r = 36612 + 26027. Is r a prime number?
True
Suppose 3*p - 1777 = 2072. Let f = -610 + p. Suppose -5*k = 4*w - f, -2*k + 497 = -5*w + 1330. Is w prime?
True
Let m be (2372 - -4) + (16 - 7). Is m/(-20)*(-16)/12 a prime number?
False
Let w(s) = -4 - 4 + 5*s**3 + 9*s + 12 - 4*s**2. Let g be w(6). Suppose g = -4*v + 2582. Is v a prime number?
True
Suppose -1 = 6*b - 25. Suppose -5*x = 3*j - b*j + 464, -3*j + 2*x + 1431 = 0. Is j prime?
True
Let s be 6/10 - (-3560)/(-100). Let v = -36 - s. Is v + (131 - (-4 + 3)) a composite number?
False
Suppose 8*t + 21*t - 7458184 - 6891277 = 0. Is t a prime number?
False
Let h be 23 - 21 - (81/1)/1. Let c = -71 - h. Is 2 + 7/(-4) + 2646/c composite?
False
Suppose 5*k = -5*l + 44680, 0 = 4*l + 20*k - 17*k - 35747. Is l a prime number?
False
Suppose -141*f - 10263288 = -197*f. Is f composite?
True
Let c(g) = -32*g**3 + 2*g**2 - 106*g - 841. Is c(-10) prime?
False
Let u = -16 + 21. Suppose 32*j - 22*j - 10930 = 0. Suppose 2*b + 5441 = u*v, -v + 2*v - 2*b = j. Is v composite?
False
Let w(z) = z**3 - 11*z**2 + 12*z + 4. Let y be w(9). Let l = -29 - y. Suppose 2*f - 305 = l. Is f composite?
False
Suppose -a - 49 = -4*p, -2*p - a = 2*p - 39. Suppose p*d - 7*d = 8. Suppose d*z = 116 + 138. Is z a prime number?
True
Let a(t) = 2243*t**3 - 21*t**2 - 2*t - 11. Is a(5) a composite number?
True
Let j(r) = 90*r + 8. Let a be j(2). Let k = -594 + a. Let q = -11 - k. Is q prime?
False
Suppose 6*r - 1297925 = -158216 + 70677. Is r composite?
False
Let b = 32520 - -4559. Is b composite?
True
Is (-140)/(-21)*(-39)/26 + 92633 a prime number?
True
Suppose -3*k = 3*q - 14112, 11*q + 4*k + 18808 = 15*q. Is q a prime number?
True
Let d be (-15)/(-4) + 2 + (-3)/(-12). Let y be (20/d)/(14/(-63)). Is (9/y - (-4)/(-10)) + 146 composite?
True
Let z(s) = 257*s + 528. Is z(67) composite?
False
Let c = 7646 - 4321. Let t be ((-8384)/8)/(4 - (-36)/(-8)). Let h = c - t. Is h a prime number?
True
Let t be 3/(-4) - 106/8. Let u = t - -20. Let z(h) = 51*h - 1. Is z(u) a composite number?
True
Let s = -573 + 1201. Let x = s + -149. Is x a composite number?
False
Let p(y) be the third derivative of 5*y**4/24 - 5*y**3/6 - 28*y**2. Let x be p(2). Suppose n + x*w = 2533, -4*n - 4*w + 3166 = -6998. Is n a prime number?
True
Let g(v) = v**3 - 6*v**2 - 37*v - 28. Let y be g(-17). Let j = 15563 + y. Is j prime?
False
Let b = -69 - -53. Let g = 72 + b. Is 16424/g + (-2)/7 a prime number?
True
Let r(i) = i**2 + 7*i + 5. Let o be r(-7). Suppose -3*s + 17 = o. Suppose y - 30 = -b + 46, 294 = s*y + 2*b. Is y composite?
False
Let q = -20029 + 34243. Let f = 24347 - q. Is f a prime number?
True
Let t = -6328 - -100. Let k = t + -4491. Is (k/(-135))/((-1)/(-5)) prime?
True
Let o be (-48)/(-32) + 9/(-6). Suppose -2*x = -2*q - 0*q + 248, x - 3 = o. Is q composite?
False
Let h(b) = 16*b**2 + b - 1. Let c be h(1). Suppose -c*n + 34501 = -28587. Is n a composite number?
False
Suppose 0 = -628*b + 669*b - 3502507. Is b a prime number?
True
Is (94 + -6)/(-22)*731271/(-12) a prime number?
False
Let r(t) = -242*t + 951209. Is r(0) a composite number?
True
Is (-18)/30*660547410/(-306) prime?
True
Suppose -p = x - 311743, 464778 = -4*x + p + 1711720. Is x prime?
True
Let z(o) = 105540*o**2 + 504*o - 1. Is z(1) a composite number?
True
Let a = 68 + -59. Suppose 5*p = -3*q + 5, 0 = q - 2*q - 2*p + 2. Suppose -g - 1 = q, -4*y + g - 5694 = -a*y. Is y prime?
False
Let o(n) = -n**3 - 23*n**2 - 2*n - 39. Let g be o(-23). Is 2 - g - (-38844)/18 a composite number?
False
Let d(q) = -123*q**2 + 124*q**2 + 19 - 9*q - 3*q. Let z be d(9). Is (z - -3 - -4)*-191 a composite number?
False
Let u(b) = 4600*b**2 - 74*b + 487. Is u(6) a composite number?
True
Let w(h) be the second derivative of -h**5/20 + h**4/4 + h**3/3 + 13*h**2/2 - h. Suppose 19*l + 109 = -18*l - 187. Is w(l) prime?
True
Let k be ((-62)/(-3))/((-4)/18). Let x = -2777 + k. Let g = 4381 + x. Is g prime?
True
Suppose 70*p = 231*p - 11833661. Is p composite?
True
Suppose -8*w - w + 72 = 0. Suppose 0 = -4*b + 2*l + 28880, 7*l = 5*b + w*l - 36093. Is b a prime number?
True
Let a(o) be the second derivative of 3*o**5/10 - 37*o**3/6 - 17*o**2/2 + 120*o + 1. Is a(10) a composite number?
True
Let o = -4759 + 69833. Is o composite?
True
Let u = 167 - 87. Suppose u*n - 79*n - 4 = 0. Suppose 0 = -9*r + n*r + 1985. Is r prime?
True
Let v(h) be the first derivative of 44*h**2 + 8. Let q be v(2)